 prime factors of (20 + o)*11 + 0?
11, 23
Suppose -4*u + 20 = 0, 8*w - 5*u = 3*w + 5. What are the prime factors of ((-3)/w)/(((-3)/(-676))/(-3))?
2, 13
Let c(n) = -47*n + 9. Let d(i) = 28*i - 4. Let q(u) = 3*c(u) + 5*d(u). Let f(k) = -k + 5. Let x be f(5). What are the prime factors of q(x)?
7
Suppose 23*k = 27*k - 20. Suppose -k*j + 1246 = 2*j. What are the prime factors of j?
2, 89
Let z(u) = -2*u + 16. Let j be z(-3). Suppose -3*w + 157 = -p, w + j - 89 = 4*p. List the prime factors of w.
3, 17
Let h = -136 + 133. Let t be -3*483/(-36) - h/4. Suppose 2*l - t - 29 = 0. List the prime factors of l.
5, 7
Let y(p) = -p**3 - 6*p**2 - 22*p - 79. Let k(t) = -t**3 - 2*t**2 + 26*t + 1. Let g be k(-6). List the prime factors of y(g).
2, 3
Let t(m) = 4*m**2 - 15*m + 87. Let h be t(-12). Suppose 0 = 3*c - 4*b - 1277, 28*c + h = 30*c - b. What are the prime factors of c?
419
What are the prime factors of 22/(-44) + (-2 - (-14171)/2)?
3, 787
Let y be (-5 + 2)*(100/15)/(-2). Suppose 5*t = -c + 9165, y*c + 5527 = 3*t + 5*c. What are the prime factors of t?
2, 7, 131
Let c be -3 + (-1 + 36)/5. Suppose 2*g - 46 = 5*s + 33, -g + c*s = -32. Suppose 2*u - 5*u - g = -i, -2*i + 2*u + 116 = 0. What are the prime factors of i?
61
Let r(t) = 263*t**2 + t + 1. Let x(f) = -11 + 6*f**2 - 12*f**2 - 21*f + 4*f**2. Let w be x(-10). List the prime factors of r(w).
263
Let y(r) = 8*r - 3. Let g be y(-27). Let d = g + 824. What are the prime factors of d?
5, 11
Suppose v - 4*v + 9 = 0, 2*i - 4*v - 248 = 0. Let r = i - 183. Let l = 101 + r. List the prime factors of l.
2, 3
Let l(c) = 325*c**2 - 24*c + 87. What are the prime factors of l(-8)?
107, 197
Let s(r) = -6*r + 215. Let d be s(35). Suppose 4*p - 5*p - d*u = -181, -2*p = -4*u - 418. What are the prime factors of p?
3, 67
Suppose -5*c + 3465 = 5*a, 0 = -a + c + 593 + 94. What are the prime factors of a?
2, 3, 5, 23
Suppose 236 = 3*m + 4*z, -2*m + 2*z - 328 = -6*m. Suppose -m*r + 165 = -83*r. What are the prime factors of r?
3, 5, 11
Let u(b) = -b**2 + 67*b + 16697. List the prime factors of u(0).
59, 283
What are the prime factors of (-18602832)/(-2752)*(11/3 - 1)?
2, 9013
What are the prime factors of (-90)/63*-3031 + 14?
2, 3, 181
Let t = 1804 - -2585. What are the prime factors of t?
3, 7, 11, 19
Suppose 25*y = y + 274560. What are the prime factors of y?
2, 5, 11, 13
Suppose -40 = -4*h + 3*d + 40, 0 = -4*d. Suppose 0 = 22*i - h*i - 694. List the prime factors of i.
347
Let x be (1/2 - (-527)/62)*11. Suppose 118*l - 27873 = x*l. What are the prime factors of l?
3, 163
Let q(w) = 25*w**2 + 11*w + 21. Let v be q(-6). Suppose -7*h - 2*u - 1285 = -10*h, -2*h = -u - v. List the prime factors of h.
5, 17
Let h(q) = 62*q + 7. Let w be h(12). Suppose -8*d = -w - 49. Let m = d - 69. List the prime factors of m.
31
Suppose 0 = 6*j + 533 + 865. Let h = j - -265. List the prime factors of h.
2
Suppose 19*w = 12*w + 217. Let l = w - -3. Let v = l + 147. What are the prime factors of v?
181
Let b be (8 + -2 - 15)*-1. Suppose -b*j + 499 = -2768. List the prime factors of j.
3, 11
Let p be (-5)/(-2) + -3 + (-269)/2. Let g = 17 - p. Suppose 0 = -6*b + 610 + g. List the prime factors of b.
127
Suppose 2546*u - 2561*u + 10755 = 0. List the prime factors of u.
3, 239
Suppose -n + 559 = -3*o, 5*n - 3*o - 2111 - 636 = 0. Suppose 2*f = h - 3*f + 414, 1920 = -5*h - 5*f. Let i = n + h. List the prime factors of i.
2, 79
Let v(h) = 3172 - 1468 - 1555 + 35*h. List the prime factors of v(27).
2, 547
Let r(w) be the third derivative of w**5/60 + 5*w**4/12 - 10*w**3 + 88*w**2. What are the prime factors of r(7)?
59
Let b = -16326 - -37890. List the prime factors of b.
2, 3, 599
Let v(i) = -938*i - 277. What are the prime factors of v(-9)?
5, 23, 71
Let j(o) = o**3 + 4*o**2 + 15*o - 59. List the prime factors of j(9).
1129
What are the prime factors of ((-5052)/8 + 5)/((-5)/10)?
7, 179
Let p(q) = -22*q - 22. Let m be p(-1). Suppose -3*b - 15 = m, -4*b + 0*b - 1646 = -3*r. List the prime factors of r.
2, 271
Let r(s) = -12*s - 2. Let w be r(1). Let k(b) = -b**3 - 13*b**2 + 12*b + 13. Let h be k(w). Suppose 2*a - h + 5 = 0. What are the prime factors of a?
2, 3
Let d(s) = -5*s**2 + 16*s + 1. Let c be d(3). Suppose c*z + 8 = 0, 2*h - 14 = -0*z - 5*z. Suppose -23*v + 1529 = -h*v. What are the prime factors of v?
139
Suppose -59*v - 525988 = -1389512. What are the prime factors of v?
2, 3659
Let x = 6732 - -3910. What are the prime factors of x?
2, 17, 313
Suppose 797*l - 805*l = -41616. What are the prime factors of l?
2, 3, 17
Let c(x) be the second derivative of x + 0 - 1/6*x**3 + 20*x**2. What are the prime factors of c(7)?
3, 11
Let h be 14/(-8) + 1 - 414/(-72). Suppose -4*t = -h*o + 475, -2*o + 4*t = -0*o - 190. List the prime factors of o.
5, 19
Let o(v) = -4*v**3 - 14*v**2 - 88*v - 157. What are the prime factors of o(-18)?
20219
Let h(f) = -f**3 - 21*f**2 - 31*f - 14. Let b be h(-21). Suppose -b = -2*q - 11*q. What are the prime factors of q?
7
Let f(o) = o**2 + 74. Let d(x) = -x**2 + 3*x - 7. Let p be d(4). Let c be (-2)/6*(p + 11). List the prime factors of f(c).
2, 37
Let w(p) = 44*p**2 - 7*p + 19. Let t be w(3). Let c(f) = 348 - 94 + t*f - 397*f. List the prime factors of c(0).
2, 127
Suppose -35*r - 20*r - 7*r + 8866 = 0. What are the prime factors of r?
11, 13
Suppose -7*w + 12*w - 33215 = 4*h, w = 2*h + 6649. List the prime factors of w.
3, 2213
Suppose 2220 = 2*h - 5*n - 67, 3*n = -h + 1127. Suppose 221 = -3*f + h. List the prime factors of f.
5, 61
Let m(t) = -125*t - 878. List the prime factors of m(-14).
2, 109
Let d(i) = 2*i**3 - 8*i**2 + 5*i + 3. Suppose -12*h + 6 = -10*h. Let n be d(h). Suppose 18*j - 15*j - 246 = n. What are the prime factors of j?
2, 41
List the prime factors of 75846 + (-35)/25*-15.
3, 11, 19
Suppose 75474 = 795*c - 777*c. What are the prime factors of c?
7, 599
Suppose 7*o = 6*o - 2. Let g = 1 + -4. What are the prime factors of 4/2 + (-131)/(g - o)?
7, 19
Let x(u) = u**3 + 11*u**2 + 12*u + 23. Let w be x(-10). Suppose a - 156 = 5*v, -5*a + w*v + 2*v = -700. What are the prime factors of a?
2, 17
Let v be -4*(-2 + (-3)/(-6)). Suppose v*r - 5 + 5 = 0. Suppose 6*g + r*g = 378. List the prime factors of g.
3, 7
Suppose 4*r = -m + 15, 3*m - m = -2. Suppose -r*x - 6*x + 240 = 0. List the prime factors of x.
2, 3
Suppose 127*u - 758528 = 492422. List the prime factors of u.
2, 5, 197
Let k = 1407 - -1111. List the prime factors of k.
2, 1259
Let j = 13313 + 5001. What are the prime factors of j?
2, 9157
Let f(t) be the second derivative of -t**3/3 - 14*t**2 - 34*t. Let k be f(-11). What are the prime factors of -3*92/(-3) - (k - -4)?
2, 47
Let j(q) be the third derivative of q**6/120 - 11*q**5/60 + q**4/2 - 15*q**3/2 + 4*q**2. List the prime factors of j(12).
3
Suppose -5*o = -u - 59344, 9*o - 17*u - 106819 = -15*u. List the prime factors of o.
11, 13, 83
Suppose 0*h + 8 = -h + b, 0 = -2*h + 3*b - 19. Let u(p) = -15*p + 25. Let c(g) = -g + 3. Let v(x) = -18*c(x) + 2*u(x). List the prime factors of v(h).
2, 7
Let o be (3/2)/((-114)/(-100168)). Suppose 0 = -2*t - 5 + 15, 2*a + 4*t - o = 0. What are the prime factors of a?
11, 59
Let t(p) be the second derivative of 25*p**4/3 + 7*p**3/3 - 17*p**2 - 2*p - 55. List the prime factors of t(3).
2, 227
Let i(l) = -5*l - 32. Let d be i(-8). Suppose 53 = -d*x - 27. What are the prime factors of (-56)/(-3) + x/(-30)?
19
Suppose 14*n - 422 = 320. Let u = n - -181. What are the prime factors of u?
2, 3, 13
Suppose 62803 = 23*j + 22645. What are the prime factors of j?
2, 3, 97
Let k(o) = -o**3 - 9*o**2 + 20*o - 19. Let g be k(-11). Suppose 12*c - 1893 = 8*c - 5*b, 5*b = -g*c + 1416. List the prime factors of c.
3, 53
Suppose -2*w = 4*c + 4, 34*c + 34 = 5*w + 33*c. Suppose w*s = 8653 - 2551. What are the prime factors of s?
3, 113
Suppose 5*l - 5*i = -3710, -l + 144 = -3*i + 896. Let g = -256 - l. List the prime factors of g.
13, 37
Let z(n) = -n**3 + 15*n**2 + 14*n. Let o be z(16). Let u be 12690/99 + ((-20)/(-11) - 2). Let l = o + u. What are the prime factors of l?
2, 3
Suppose 0 = -5*l + 2*r + 1547 + 378, -2*l + 770 = 4*r. Let b = -223 + l. List the prime factors of b.
2, 3
Let h(f) = 9*f**3 - 10*f**2 - 53*f + 183. List the prime factors of h(12).
3, 29, 157
Suppose -v 